l - 9. What is the highest common divisor of j and t?
2
Suppose 0 = 5*h + p - 9491, -40*p = -2*h - 36*p + 3792. Calculate the highest common divisor of h and 234.
26
Suppose -3*x + 6*g - 3*g + 3 = 0, 35 = 5*x + g. Let m be -6*1*(5/2 - 3). Suppose -x*u + 102 = -m*u. Calculate the greatest common divisor of u and 51.
17
Let r = 14 - -3. Let z = r - 12. Let h be (3 + 44/(-12))*15/(-2). Calculate the greatest common factor of z and h.
5
Suppose -15*i - 2*p + 230 = -11*i, 4*i + 5*p - 215 = 0. Calculate the greatest common divisor of 1692 and i.
12
Suppose -17*z = 237 - 1257. What is the greatest common factor of z and 2510?
10
Let l(d) = 130*d + 60. Let k be l(4). Calculate the greatest common divisor of 20 and k.
20
Let o(m) = -m + 10. Let u(x) = 5*x - 61. Let z(p) = 34*o(p) + 6*u(p). Let a be z(-8). Suppose 5*s - 116 = -a. What is the highest common divisor of 110 and s?
22
Let b be (-39420)/99 + 4/22. Let g = 453 + b. What is the highest common divisor of g and 605?
55
Suppose 4*i - 30 = 2*i. Let h be (-2)/(25/i + -2). Suppose -4*l + h*o = o - 361, 3*l + 4*o - 232 = 0. What is the greatest common factor of 21 and l?
21
Let h = 1 - 0. Suppose -t + 3 = -3*a, 4*t - 5*a + 7*a - 12 = 0. Let s be t/h - (-37 - 2). Calculate the highest common factor of s and 14.
14
Let m(l) = 4*l + 20. Let h be m(12). Let i be (-26)/6 - h/(-51). Let f = -2 - i. What is the greatest common factor of f and 1?
1
Suppose -17*x + 20*x - 48 = 0. Let a be -3*(-25)/5 - 4. Let q = x + a. What is the highest common divisor of 45 and q?
9
Suppose 302*t = 4220555 + 1638245. What is the greatest common divisor of 25 and t?
25
Let u be 312/(-18)*7/((-70)/225). What is the greatest common divisor of u and 105?
15
Let r = 54 + -50. Suppose 151 = r*t - 53. What is the highest common factor of 408 and t?
51
Suppose 0*s + 13*s - 998 + 10 = 0. Calculate the greatest common divisor of 3268 and s.
76
Suppose 2754 + 2682 = 18*q. What is the greatest common divisor of 2567 and q?
151
Let n(w) = 3*w**2 + 8*w - 8. Let c be n(1). Let b be 5 + 33 + (-6)/c. Calculate the highest common factor of b and 24.
12
Suppose 0 = -n + 4*q - 7 + 5, n + 5*q + 2 = 0. Let p be (-7)/14*8 - (1 + n). Let m be (-7 + -8)*(p + 2). Calculate the highest common divisor of 30 and m.
15
Let k(w) = 3*w**3 + 58*w**2 + 44*w - 254. Let r be k(-18). Let s be 2*(25 - (-1 - -1)). What is the greatest common divisor of r and s?
50
Suppose -290544 = -118*w + 243870 - 76574. Calculate the highest common divisor of w and 291.
97
Let r be (-2)/(-16) + (-14332)/(-32) + -6. Calculate the greatest common factor of 78 and r.
26
Suppose -3*o - 12*v + 27 = -15*v, v + 27 = 4*o. Suppose -i + 5*y + 7 = 25, -2*y = 2*i - 12. Let a be (12/8)/1*i. Calculate the highest common factor of o and a.
3
Suppose -32*o - 322 = -34*o. Calculate the highest common factor of o and 175.
7
Suppose 0 = -4*l + 5*l + 18. Let p be (-1 + l/(-10))/((-10)/(-25)). Let d be p/((-9)/26 - (-3)/6). Calculate the greatest common factor of d and 104.
13
Let m(b) = -3*b + 840. Let p be m(-26). Calculate the greatest common divisor of 34 and p.
34
Let b = -776 - -1337. Suppose 367*y + 10326 - 29043 = 0. What is the greatest common factor of y and b?
51
Suppose 2*i - 5*x + 798 - 2319 = 0, 0 = 2*i + 3*x - 1545. What is the highest common divisor of 24 and i?
24
Let a(h) = 2*h + 23. Let x be a(7). Suppose 0 = -13*u + 80 + x. What is the highest common factor of 144 and u?
9
Suppose -v = -0*b + 2*b - 59, -3*v + 87 = 3*b. Suppose 1354*f - 96 = 1350*f. Calculate the highest common divisor of f and b.
6
Suppose -4*d + 0*d = -80. Suppose d*l - 24*l + 12 = 0. Let o be (0 + 1)/((-14)/(-14)). What is the greatest common divisor of l and o?
1
Suppose -12*h = -488 - 2176. What is the highest common divisor of h and 66?
6
Let c = -788 - -3233. Calculate the highest common factor of c and 15.
15
Let n(z) = -z + 63. Let r be n(5). Suppose -57*c + r*c = 68. Calculate the greatest common divisor of c and 28.
4
Let l = 947 - 326. Suppose 14*n = l - 131. What is the greatest common divisor of n and 7?
7
Let h = -3798 + 3982. Calculate the greatest common factor of 296 and h.
8
Suppose -3*r - 5*i = -69, -2*r - i + 65 = -4*i. Let t = 74 + -53. Calculate the greatest common factor of r and t.
7
Let v(h) be the first derivative of -67*h**2/2 - 66*h + 38. Let y be v(-3). Calculate the greatest common factor of 360 and y.
45
Let n be (111/4)/((-11)/(-44)). Let q = n + -71. Let h = q + 38. What is the greatest common divisor of h and 6?
6
Let y be (-6)/16 + (-2907)/(-72). Let p = 43 - y. Let w(i) = 21*i + 7. Let q be w(p). What is the greatest common divisor of 35 and q?
35
Let z(v) = -9*v**2 - 11*v + 2. Let r(d) = 18*d**2 + 20*d - 4. Let h(i) = 6*r(i) + 11*z(i). Let f be h(-1). What is the greatest common factor of 72 and f?
8
Let l = -56 - -56. Suppose -d + l*d - 320 = -4*z, 3*z = -2*d + 240. Calculate the highest common divisor of 5 and z.
5
Suppose 90*n = 98*n - 9208. Let r = n - 167. Calculate the greatest common divisor of r and 24.
24
Let g(h) = -h**3 - 3*h**2 - 2. Let w be g(-4). Let u(o) = 16*o - 324 + 160 + 181 - o**2. Let i be u(w). Calculate the greatest common divisor of 15 and i.
15
Let a(d) = -13*d**3 + 2*d**2 - 19*d + 5. Let h be a(4). Let w = h + 894. Let l be -23*1/(-2)*2. Calculate the highest common factor of w and l.
23
Let a be 1/(-6*(-7)/5229)*2 + -6. Calculate the highest common factor of 333 and a.
9
Let g = 12025 - -253. Calculate the highest common divisor of g and 28.
14
Suppose y + 124 = 2*y. Calculate the highest common divisor of 93 and y.
31
Let c = -1335 - -1351. Suppose 0 = -5*k - 7 + 22. Suppose 90 = 3*r + v - 50, -r = -k*v - 60. Calculate the highest common factor of c and r.
16
Let x(z) = -5*z + 48. Let p(s) = 11*s - 97. Let d(h) = -3*p(h) - 5*x(h). Let b be d(5). Calculate the highest common factor of 1 and b.
1
Suppose -3*k = -3*n - 0*n + 9, -2*n + 18 = 2*k. Suppose 2 - n = -h. Suppose h*d - 1 = 23. What is the greatest common divisor of d and 78?
6
Let a = 16114 + -13099. What is the greatest common divisor of a and 135?
45
Let i(f) = f**3 + 7*f**2 - 7*f + 5. Let a be i(-7). Let b = 46 - 44. Suppose -b*y - 7 = -19. What is the highest common factor of y and a?
6
Let x = 575 + -260. Let n be 1/((50/x)/10). What is the greatest common divisor of n and 252?
63
Suppose 0 = -15*x + 219 + 411. What is the greatest common factor of x and 1281?
21
Let v = 22564 - 22320. What is the greatest common divisor of 8479 and v?
61
Suppose -o + 4*o = -5*l + 100, -4*o = 0. Let z = -18 - -21. Suppose -3*n = -p + 50, -50 = -p - n - z*n. What is the greatest common divisor of l and p?
10
Let h = -352 - -352. Let i be (-11 - -9)*(-4 - h)/8. What is the greatest common divisor of 16 and i?
1
Let c = -11770 - -11812. Calculate the highest common divisor of 147 and c.
21
Suppose -58*f - 2*n = -59*f + 2362, f - 2347 = -3*n. Calculate the highest common divisor of f and 76.
76
Let j(k) = 35*k**2 - 90*k - 630. Let r be j(-7). Calculate the greatest common factor of 665 and r.
35
Suppose -24*i + 140026 - 25601 = -132175. Calculate the greatest common factor of 15 and i.
15
Suppose 5*s - 4*s - 3986 = 4*p, 2*p - 19886 = -5*s. Suppose -g = -7*g + s. What is the greatest common factor of 39 and g?
39
Suppose -z + 12 = 2*t, -3*z + 4 = -t - z. Let c be -15*(t + (-69)/9). Calculate the greatest common factor of c and 20.
5
Suppose 0 = 3*m - 7*m - 72. Let u = m - -21. Suppose 21*t - 41 = 1. What is the greatest common factor of u and t?
1
Suppose -6*s - 2061 = -423. Let i = -195 - s. Calculate the highest common factor of i and 12.
6
Let p be 29*2 + 0/2 + -1. Suppose -29 = 4*b - p. Suppose 2*j - b = 25. Calculate the highest common divisor of j and 32.
16
Let r(x) = x**3 - x**2 + 7*x - 342. Let j be r(0). Let o be ((-14)/(-7))/((-2)/j*1). Calculate the greatest common divisor of 36 and o.
18
Let p be 2/(1/2*-2*149/(-2533)). Calculate the greatest common factor of 9554 and p.
34
Let r = -159 + 127. Let x(i) = i + 38. Let u be x(r). Calculate the greatest common factor of u and 144.
6
Let s(v) = 9*v - 15. Let p(a) = -a**2 + 9*a - 11. Let q be p(7). Let m be s(q). Suppose m*w - 462 = 6*w. What is the highest common divisor of w and 22?
11
Let z be (-66)/1683 + 11938/102. What is the greatest comm